{"id":2636,"date":"2020-01-09T17:56:45","date_gmt":"2020-01-09T16:56:45","guid":{"rendered":"https:\/\/www.colegiosanpelayo.es\/?page_id=2636"},"modified":"2026-03-01T20:04:04","modified_gmt":"2026-03-01T19:04:04","slug":"matriculas-2026-2027","status":"publish","type":"page","link":"https:\/\/www.colegiosanpelayo.es\/en\/matriculas-2026-2027\/","title":{"rendered":"(Espa\u00f1ol) Matr\u00edculas 2026\/2027"},"content":{"rendered":"<p><\/p>\n<p>[vc_row][vc_column][vc_column_text]Para cualquier consulta o petici\u00f3n de cita no dude en contactar con el <a href=\"tel:943 170 468\">943 170 468<\/a> o v\u00eda email a <a href=\"mailto:colegio@colegiosanpelayo.es\">colegio@colegiosanpelayo.es.<\/a><\/p>\n<h3>CURSO 2025\/26<\/h3>\n<p>El per\u00edodo de matr\u00edcula para E. Infantil, E. Primaria y E. Secundaria comienza el d\u00eda <strong><em>3 al 14 de Febrero<\/em><\/strong>.\u00a0Y para <u>Bachillerato el plazo de matricula es del 31 de marzo al 11 abril<\/u>.<\/p>\n<p>&nbsp;<\/p>\n<h4><strong>Documentaci\u00f3n necesaria<\/strong> para formalizar la matr\u00edcula:<\/h4>\n<ul>\n<li>Fotocopia de la hoja del libro de familia del alumno o alumna, o certificado de nacimiento.<\/li>\n<li>Fotocopia de la hoja del libro de familia correspondiente a la persona que cursa la solicitud: padre, madre; o documento acreditativo de que dicha persona es tutora o tutor legal de la alumna o alumno.<\/li>\n<li>Fotocopia del DNI o NIE de la madre, padre o persona tutora que realiza la solicitud. No ser\u00e1 necesaria su aportaci\u00f3n si la tramitaci\u00f3n se realiza on-line y dicho documento es validado por el servicio de consulta de datos de identidad.<\/li>\n<li>Certificaci\u00f3n del domicilio familiar (del alumno o alumna, del padre, la madre o la persona tutora), expedido por el Ayuntamiento con una antig\u00fcedad m\u00e1xima de tres meses.<\/li>\n<li>En el caso de alumnado escolarizado fuera de la CAPV, certificado de los estudios realizados, detallando claramente el nivel cursado en la actualidad.<\/li>\n<li>En caso de acogimiento familiar de la alumna o alumno, certificado oficial acreditativo de dicha situaci\u00f3n.<\/li>\n<li>Documento acreditativo del cumplimiento del protocolo establecido por el Departamento de Educaci\u00f3n en el caso de familias separadas o divorciadas (por ejemplo: escrito de autorizaci\u00f3n del ex c\u00f3nyuge o de la ex c\u00f3nyuge, resoluci\u00f3n judicial o medida provisional que avale la solicitud, etc.).<\/li>\n<li>En caso de solicitud de admisi\u00f3n en un curso inferior por prematuridad<br \/>\nextrema o gran prematuridad en las condiciones indicadas en la Instrucci\u00f3n novena, apartado 4, informe m\u00e9dico que avale tal petici\u00f3n.<\/li>\n<li>El cuestionario sobre la situaci\u00f3n socioeducativa de la persona solicitante mencionado en el apartado 2 de la instrucci\u00f3n quinta, mediante el que se determinar\u00e1, a los efectos de la correspondiente reserva de plazas, qui\u00e9nes presentan las necesidades espec\u00edficas de apoyo educativo por mayor vulnerabilidad en dicho \u00e1mbito. En el caso de personas que ya haya cumplimentado el cuestionario en un proceso anterior se tendr\u00e1n en cuenta las respuestas aportadas entonces.<\/li>\n<li>En el caso de solicitantes sin escolarizaci\u00f3n previa en la CAPV cuyas familias consideren que presentan caracter\u00edsticas personales que pueden requerir, para su correcta atenci\u00f3n, de recursos materiales, organizativos o humanos espec\u00edficos para necesidades educativas especiales, se responder\u00e1 a un cuestionario destinado a que el correspondiente Berritzegune valore la situaci\u00f3n y, en su caso, planifique puntualmente los recursos requeridos en el centro donde se materialice la matr\u00edcula. No se requiere rellenar el cuestionario en caso de limitaciones para la autonom\u00eda personal acordes con la edad, sino para retrasos o d\u00e9ficits de car\u00e1cter singular; y tampoco en el caso de solicitantes con escolarizaci\u00f3n en la CAPV, que, en su caso, pueden solicitar la valoraci\u00f3n de sus necesidades educativas especiales desde su actual centro.<\/li>\n<li>Otros documentos acreditativos del cumplimiento de requisitos para la obtenci\u00f3n de puntuaci\u00f3n para la baremaci\u00f3n.<\/li>\n<\/ul>\n<p>&nbsp;<\/p>\n<h4>INFORMACI\u00d3N SOBRE LA PUNTUACI\u00d3N OTORGADA POR EL OMR<\/h4>\n<p>Seg\u00fan lo aprobado en el Consejo Escolar de Centro la puntuaci\u00f3n otorgada, con un m\u00e1ximo de 1 punto, se establece en base a los siguientes criterios:<\/p>\n<p>1. Por estar matriculado en el aula de Educaci\u00f3n Infantil 1 a\u00f1o: 1 punto, a acreditar mediante certificado del centro de estar matriculado en el aula de E.I. 1 a\u00f1o.<br \/>\n2. Por ser hijo de exalumno\/a: 0,5 puntos, a acreditar mediante certificado del centro de que alguno de los progenitores ha sido alumno del colegio.<br \/>\n3. Por venir presentado por alg\u00fan miembro de la COMUNIDAD EDUCATIVA: 0,5 puntos, a acreditar mediante documento escrito firmado por el miembro de la comunidad educativa que as\u00ed lo hace costar.<br \/>\n4. Por trabajar alguno de los progenitores en alguna organizaci\u00f3n colaboradora o aliada del colegio: 0,5 puntos, a acreditar mediante certificado del centro en el que se hace constar que dicha organizaci\u00f3n es colaboradora o aliada del colegio.<br \/>\n5. Por parentesco de segundo grado (primo\/a): 0,25 puntos, a acreditar mediante certificado del centro.<br \/>\n6. Por cada a\u00f1o que habiendo solicitado plaza en el centro en periodo de matr\u00edcula, dicho alumno se ha quedado en la lista de espera: 0,125 puntos, hasta un m\u00e1ximo de 0,5 puntos, a acreditar mediante certificado del centro donde se hace costar los a\u00f1os que ha permanecido en la lista de espera oficial.[\/vc_column_text][\/vc_column][\/vc_row]<\/p>\n<p><\/p>","protected":false},"excerpt":{"rendered":"<p>[vc_row][vc_column][vc_column_text]Para cualquier consulta o petici\u00f3n de cita no dude en contactar con el 943 170 468 o v\u00eda email a colegio@colegiosanpelayo.es. CURSO 2025\/26 El per\u00edodo de matr\u00edcula para E. Infantil, E. Primaria y E. Secundaria comienza el d\u00eda 3 al 14 de Febrero.\u00a0Y para Bachillerato el plazo de matricula es del 31 de marzo al&hellip;<\/p>\n","protected":false},"author":1,"featured_media":1865,"parent":0,"menu_order":0,"comment_status":"closed","ping_status":"closed","template":"","meta":[],"yoast_head":"<!-- This site is optimized with the Yoast SEO plugin v21.0 - https:\/\/yoast.com\/wordpress\/plugins\/seo\/ -->\n<title>Matr\u00edculas Curso 2020-2021 - Colegio San Pelayo Ikastetxea<\/title>\n<meta name=\"description\" content=\"[:es]Matr\u00edculas 2026\/2027[:eu]Matrikulak 2026\/27[:] Matr\u00edcula - E. Infantil, E. Primaria y E. Secundaria en Colegio San Pelayo Ikastetxea % de ERMUA. Bachillerato en el Tercer Trimestre\" \/>\n<meta name=\"robots\" content=\"index, follow, max-snippet:-1, max-image-preview:large, max-video-preview:-1\" \/>\n<link rel=\"canonical\" href=\"https:\/\/www.colegiosanpelayo.es\/matriculas-2026-2027\/\" \/>\n<meta property=\"og:locale\" content=\"en_US\" \/>\n<meta property=\"og:type\" content=\"article\" \/>\n<meta property=\"og:title\" content=\"Matr\u00edculas Curso 2020-2021 - Colegio San Pelayo Ikastetxea\" \/>\n<meta property=\"og:description\" content=\"[:es]Matr\u00edculas 2026\/2027[:eu]Matrikulak 2026\/27[:] Matr\u00edcula - E. Infantil, E. Primaria y E. Secundaria en Colegio San Pelayo Ikastetxea % de ERMUA. Bachillerato en el Tercer Trimestre\" \/>\n<meta property=\"og:url\" content=\"https:\/\/www.colegiosanpelayo.es\/matriculas-2026-2027\/\" \/>\n<meta property=\"og:site_name\" content=\"Colegio San Pelayo Ikastetxea\" \/>\n<meta property=\"article:modified_time\" content=\"2026-03-01T19:04:04+00:00\" \/>\n<meta property=\"og:image\" content=\"https:\/\/www.colegiosanpelayo.es\/wp-content\/uploads\/2019\/09\/469765_180758072037173_586702286_o.jpg\" \/>\n\t<meta property=\"og:image:width\" content=\"2048\" \/>\n\t<meta property=\"og:image:height\" content=\"1310\" \/>\n\t<meta property=\"og:image:type\" content=\"image\/jpeg\" \/>\n<meta name=\"twitter:card\" content=\"summary_large_image\" \/>\n<meta name=\"twitter:label1\" content=\"Est. reading time\" \/>\n\t<meta name=\"twitter:data1\" content=\"4 minutes\" \/>\n<script type=\"application\/ld+json\" class=\"yoast-schema-graph\">{\"@context\":\"https:\/\/schema.org\",\"@graph\":[{\"@type\":\"WebPage\",\"@id\":\"https:\/\/www.colegiosanpelayo.es\/matriculas-2026-2027\/\",\"url\":\"https:\/\/www.colegiosanpelayo.es\/matriculas-2026-2027\/\",\"name\":\"Matr\u00edculas Curso 2020-2021 - Colegio San Pelayo Ikastetxea\",\"isPartOf\":{\"@id\":\"https:\/\/www.colegiosanpelayo.es\/#website\"},\"datePublished\":\"2020-01-09T16:56:45+00:00\",\"dateModified\":\"2026-03-01T19:04:04+00:00\",\"description\":\"[:es]Matr\u00edculas 2026\/2027[:eu]Matrikulak 2026\/27[:] Matr\u00edcula - E. Infantil, E. Primaria y E. Secundaria en Colegio San Pelayo Ikastetxea % de ERMUA. Bachillerato en el Tercer Trimestre\",\"breadcrumb\":{\"@id\":\"https:\/\/www.colegiosanpelayo.es\/matriculas-2026-2027\/#breadcrumb\"},\"inLanguage\":\"en-US\",\"potentialAction\":[{\"@type\":\"ReadAction\",\"target\":[\"https:\/\/www.colegiosanpelayo.es\/matriculas-2026-2027\/\"]}]},{\"@type\":\"BreadcrumbList\",\"@id\":\"https:\/\/www.colegiosanpelayo.es\/matriculas-2026-2027\/#breadcrumb\",\"itemListElement\":[{\"@type\":\"ListItem\",\"position\":1,\"name\":\"Portada\",\"item\":\"https:\/\/www.colegiosanpelayo.es\/\"},{\"@type\":\"ListItem\",\"position\":2,\"name\":\"Matr\u00edculas 2026\/2027\"}]},{\"@type\":\"WebSite\",\"@id\":\"https:\/\/www.colegiosanpelayo.es\/#website\",\"url\":\"https:\/\/www.colegiosanpelayo.es\/\",\"name\":\"Colegio San Pelayo Ikastetxea\",\"description\":\"Aprendizaje Ubicuo y Personalizado\",\"potentialAction\":[{\"@type\":\"SearchAction\",\"target\":{\"@type\":\"EntryPoint\",\"urlTemplate\":\"https:\/\/www.colegiosanpelayo.es\/?s={search_term_string}\"},\"query-input\":\"required name=search_term_string\"}],\"inLanguage\":\"en-US\"}]}<\/script>\n<!-- \/ Yoast SEO plugin. -->","yoast_head_json":{"title":"Matr\u00edculas Curso 2020-2021 - Colegio San Pelayo Ikastetxea","description":"[:es]Matr\u00edculas 2026\/2027[:eu]Matrikulak 2026\/27[:] Matr\u00edcula - E. Infantil, E. Primaria y E. Secundaria en Colegio San Pelayo Ikastetxea % de ERMUA. Bachillerato en el Tercer Trimestre","robots":{"index":"index","follow":"follow","max-snippet":"max-snippet:-1","max-image-preview":"max-image-preview:large","max-video-preview":"max-video-preview:-1"},"canonical":"https:\/\/www.colegiosanpelayo.es\/matriculas-2026-2027\/","og_locale":"en_US","og_type":"article","og_title":"Matr\u00edculas Curso 2020-2021 - Colegio San Pelayo Ikastetxea","og_description":"[:es]Matr\u00edculas 2026\/2027[:eu]Matrikulak 2026\/27[:] Matr\u00edcula - E. Infantil, E. Primaria y E. Secundaria en Colegio San Pelayo Ikastetxea % de ERMUA. Bachillerato en el Tercer Trimestre","og_url":"https:\/\/www.colegiosanpelayo.es\/matriculas-2026-2027\/","og_site_name":"Colegio San Pelayo Ikastetxea","article_modified_time":"2026-03-01T19:04:04+00:00","og_image":[{"width":2048,"height":1310,"url":"https:\/\/www.colegiosanpelayo.es\/wp-content\/uploads\/2019\/09\/469765_180758072037173_586702286_o.jpg","type":"image\/jpeg"}],"twitter_card":"summary_large_image","twitter_misc":{"Est. reading time":"4 minutes"},"schema":{"@context":"https:\/\/schema.org","@graph":[{"@type":"WebPage","@id":"https:\/\/www.colegiosanpelayo.es\/matriculas-2026-2027\/","url":"https:\/\/www.colegiosanpelayo.es\/matriculas-2026-2027\/","name":"Matr\u00edculas Curso 2020-2021 - Colegio San Pelayo Ikastetxea","isPartOf":{"@id":"https:\/\/www.colegiosanpelayo.es\/#website"},"datePublished":"2020-01-09T16:56:45+00:00","dateModified":"2026-03-01T19:04:04+00:00","description":"[:es]Matr\u00edculas 2026\/2027[:eu]Matrikulak 2026\/27[:] Matr\u00edcula - E. Infantil, E. Primaria y E. Secundaria en Colegio San Pelayo Ikastetxea % de ERMUA. Bachillerato en el Tercer Trimestre","breadcrumb":{"@id":"https:\/\/www.colegiosanpelayo.es\/matriculas-2026-2027\/#breadcrumb"},"inLanguage":"en-US","potentialAction":[{"@type":"ReadAction","target":["https:\/\/www.colegiosanpelayo.es\/matriculas-2026-2027\/"]}]},{"@type":"BreadcrumbList","@id":"https:\/\/www.colegiosanpelayo.es\/matriculas-2026-2027\/#breadcrumb","itemListElement":[{"@type":"ListItem","position":1,"name":"Portada","item":"https:\/\/www.colegiosanpelayo.es\/"},{"@type":"ListItem","position":2,"name":"Matr\u00edculas 2026\/2027"}]},{"@type":"WebSite","@id":"https:\/\/www.colegiosanpelayo.es\/#website","url":"https:\/\/www.colegiosanpelayo.es\/","name":"Colegio San Pelayo Ikastetxea","description":"Aprendizaje Ubicuo y Personalizado","potentialAction":[{"@type":"SearchAction","target":{"@type":"EntryPoint","urlTemplate":"https:\/\/www.colegiosanpelayo.es\/?s={search_term_string}"},"query-input":"required name=search_term_string"}],"inLanguage":"en-US"}]}},"_links":{"self":[{"href":"https:\/\/www.colegiosanpelayo.es\/en\/wp-json\/wp\/v2\/pages\/2636"}],"collection":[{"href":"https:\/\/www.colegiosanpelayo.es\/en\/wp-json\/wp\/v2\/pages"}],"about":[{"href":"https:\/\/www.colegiosanpelayo.es\/en\/wp-json\/wp\/v2\/types\/page"}],"author":[{"embeddable":true,"href":"https:\/\/www.colegiosanpelayo.es\/en\/wp-json\/wp\/v2\/users\/1"}],"replies":[{"embeddable":true,"href":"https:\/\/www.colegiosanpelayo.es\/en\/wp-json\/wp\/v2\/comments?post=2636"}],"version-history":[{"count":26,"href":"https:\/\/www.colegiosanpelayo.es\/en\/wp-json\/wp\/v2\/pages\/2636\/revisions"}],"predecessor-version":[{"id":8403,"href":"https:\/\/www.colegiosanpelayo.es\/en\/wp-json\/wp\/v2\/pages\/2636\/revisions\/8403"}],"wp:featuredmedia":[{"embeddable":true,"href":"https:\/\/www.colegiosanpelayo.es\/en\/wp-json\/wp\/v2\/media\/1865"}],"wp:attachment":[{"href":"https:\/\/www.colegiosanpelayo.es\/en\/wp-json\/wp\/v2\/media?parent=2636"}],"curies":[{"name":"wp","href":"https:\/\/api.w.org\/{rel}","templated":true}]}}

(Español) Matrículas 2026/2027

<p></p>
<p>[vc_row][vc_column][vc_column_text]Para cualquier consulta o petición de cita no dude en contactar con el <a href="tel:943 170 468">943 170 468</a> o vía email a <a href="mailto:colegio@colegiosanpelayo.es">colegio@colegiosanpelayo.es.</a></p>
<h3>CURSO 2025/26</h3>
<p>El período de matrícula para E. Infantil, E. Primaria y E. Secundaria comienza el día <strong><em>3 al 14 de Febrero</em></strong>. Y para <u>Bachillerato el plazo de matricula es del 31 de marzo al 11 abril</u>.</p>
<p>&nbsp;</p>
<h4><strong>Documentación necesaria</strong> para formalizar la matrícula:</h4>
<ul>
<li>Fotocopia de la hoja del libro de familia del alumno o alumna, o certificado de nacimiento.</li>
<li>Fotocopia de la hoja del libro de familia correspondiente a la persona que cursa la solicitud: padre, madre; o documento acreditativo de que dicha persona es tutora o tutor legal de la alumna o alumno.</li>
<li>Fotocopia del DNI o NIE de la madre, padre o persona tutora que realiza la solicitud. No será necesaria su aportación si la tramitación se realiza on-line y dicho documento es validado por el servicio de consulta de datos de identidad.</li>
<li>Certificación del domicilio familiar (del alumno o alumna, del padre, la madre o la persona tutora), expedido por el Ayuntamiento con una antigüedad máxima de tres meses.</li>
<li>En el caso de alumnado escolarizado fuera de la CAPV, certificado de los estudios realizados, detallando claramente el nivel cursado en la actualidad.</li>
<li>En caso de acogimiento familiar de la alumna o alumno, certificado oficial acreditativo de dicha situación.</li>
<li>Documento acreditativo del cumplimiento del protocolo establecido por el Departamento de Educación en el caso de familias separadas o divorciadas (por ejemplo: escrito de autorización del ex cónyuge o de la ex cónyuge, resolución judicial o medida provisional que avale la solicitud, etc.).</li>
<li>En caso de solicitud de admisión en un curso inferior por prematuridad<br />
extrema o gran prematuridad en las condiciones indicadas en la Instrucción novena, apartado 4, informe médico que avale tal petición.</li>
<li>El cuestionario sobre la situación socioeducativa de la persona solicitante mencionado en el apartado 2 de la instrucción quinta, mediante el que se determinará, a los efectos de la correspondiente reserva de plazas, quiénes presentan las necesidades específicas de apoyo educativo por mayor vulnerabilidad en dicho ámbito. En el caso de personas que ya haya cumplimentado el cuestionario en un proceso anterior se tendrán en cuenta las respuestas aportadas entonces.</li>
<li>En el caso de solicitantes sin escolarización previa en la CAPV cuyas familias consideren que presentan características personales que pueden requerir, para su correcta atención, de recursos materiales, organizativos o humanos específicos para necesidades educativas especiales, se responderá a un cuestionario destinado a que el correspondiente Berritzegune valore la situación y, en su caso, planifique puntualmente los recursos requeridos en el centro donde se materialice la matrícula. No se requiere rellenar el cuestionario en caso de limitaciones para la autonomía personal acordes con la edad, sino para retrasos o déficits de carácter singular; y tampoco en el caso de solicitantes con escolarización en la CAPV, que, en su caso, pueden solicitar la valoración de sus necesidades educativas especiales desde su actual centro.</li>
<li>Otros documentos acreditativos del cumplimiento de requisitos para la obtención de puntuación para la baremación.</li>
</ul>
<p>&nbsp;</p>
<h4>INFORMACIÓN SOBRE LA PUNTUACIÓN OTORGADA POR EL OMR</h4>
<p>Según lo aprobado en el Consejo Escolar de Centro la puntuación otorgada, con un máximo de 1 punto, se establece en base a los siguientes criterios:</p>
<p>1. Por estar matriculado en el aula de Educación Infantil 1 año: 1 punto, a acreditar mediante certificado del centro de estar matriculado en el aula de E.I. 1 año.<br />
2. Por ser hijo de exalumno/a: 0,5 puntos, a acreditar mediante certificado del centro de que alguno de los progenitores ha sido alumno del colegio.<br />
3. Por venir presentado por algún miembro de la COMUNIDAD EDUCATIVA: 0,5 puntos, a acreditar mediante documento escrito firmado por el miembro de la comunidad educativa que así lo hace costar.<br />
4. Por trabajar alguno de los progenitores en alguna organización colaboradora o aliada del colegio: 0,5 puntos, a acreditar mediante certificado del centro en el que se hace constar que dicha organización es colaboradora o aliada del colegio.<br />
5. Por parentesco de segundo grado (primo/a): 0,25 puntos, a acreditar mediante certificado del centro.<br />
6. Por cada año que habiendo solicitado plaza en el centro en periodo de matrícula, dicho alumno se ha quedado en la lista de espera: 0,125 puntos, hasta un máximo de 0,5 puntos, a acreditar mediante certificado del centro donde se hace costar los años que ha permanecido en la lista de espera oficial.[/vc_column_text][/vc_column][/vc_row]</p>
<p></p>

<p>[vc_row][vc_column][vc_column_text]Para cualquier consulta o petición de cita no dude en contactar con el 943 170 468 o vía email a colegio@colegiosanpelayo.es. CURSO 2025/26 El período de matrícula para E. Infantil, E. Primaria y E. Secundaria comienza el día 3 al 14 de Febrero. Y para Bachillerato el plazo de matricula es del 31 de marzo al&hellip;</p>

<!-- This site is optimized with the Yoast SEO plugin v21.0 - https://yoast.com/wordpress/plugins/seo/ -->
<title>Matrículas Curso 2020-2021 - Colegio San Pelayo Ikastetxea</title>
<meta name="description" content="[:es]Matrículas 2026/2027[:eu]Matrikulak 2026/27[:] Matrícula - E. Infantil, E. Primaria y E. Secundaria en Colegio San Pelayo Ikastetxea % de ERMUA. Bachillerato en el Tercer Trimestre" />
<meta name="robots" content="index, follow, max-snippet:-1, max-image-preview:large, max-video-preview:-1" />
<link rel="canonical" href="https://www.colegiosanpelayo.es/matriculas-2026-2027/" />
<meta property="og:locale" content="en_US" />
<meta property="og:type" content="article" />
<meta property="og:title" content="Matrículas Curso 2020-2021 - Colegio San Pelayo Ikastetxea" />
<meta property="og:description" content="[:es]Matrículas 2026/2027[:eu]Matrikulak 2026/27[:] Matrícula - E. Infantil, E. Primaria y E. Secundaria en Colegio San Pelayo Ikastetxea % de ERMUA. Bachillerato en el Tercer Trimestre" />
<meta property="og:url" content="https://www.colegiosanpelayo.es/matriculas-2026-2027/" />
<meta property="og:site_name" content="Colegio San Pelayo Ikastetxea" />
<meta property="article:modified_time" content="2026-03-01T19:04:04+00:00" />
<meta property="og:image" content="https://www.colegiosanpelayo.es/wp-content/uploads/2019/09/469765_180758072037173_586702286_o.jpg" />
	<meta property="og:image:width" content="2048" />
	<meta property="og:image:height" content="1310" />
	<meta property="og:image:type" content="image/jpeg" />
<meta name="twitter:card" content="summary_large_image" />
<meta name="twitter:label1" content="Est. reading time" />
	<meta name="twitter:data1" content="4 minutes" />
<script type="application/ld+json" class="yoast-schema-graph">{"@context":"https://schema.org","@graph":[{"@type":"WebPage","@id":"https://www.colegiosanpelayo.es/matriculas-2026-2027/","url":"https://www.colegiosanpelayo.es/matriculas-2026-2027/","name":"Matrículas Curso 2020-2021 - Colegio San Pelayo Ikastetxea","isPartOf":{"@id":"https://www.colegiosanpelayo.es/#website"},"datePublished":"2020-01-09T16:56:45+00:00","dateModified":"2026-03-01T19:04:04+00:00","description":"[:es]Matrículas 2026/2027[:eu]Matrikulak 2026/27[:] Matrícula - E. Infantil, E. Primaria y E. Secundaria en Colegio San Pelayo Ikastetxea % de ERMUA. Bachillerato en el Tercer Trimestre","breadcrumb":{"@id":"https://www.colegiosanpelayo.es/matriculas-2026-2027/#breadcrumb"},"inLanguage":"en-US","potentialAction":[{"@type":"ReadAction","target":["https://www.colegiosanpelayo.es/matriculas-2026-2027/"]}]},{"@type":"BreadcrumbList","@id":"https://www.colegiosanpelayo.es/matriculas-2026-2027/#breadcrumb","itemListElement":[{"@type":"ListItem","position":1,"name":"Portada","item":"https://www.colegiosanpelayo.es/"},{"@type":"ListItem","position":2,"name":"Matrículas 2026/2027"}]},{"@type":"WebSite","@id":"https://www.colegiosanpelayo.es/#website","url":"https://www.colegiosanpelayo.es/","name":"Colegio San Pelayo Ikastetxea","description":"Aprendizaje Ubicuo y Personalizado","potentialAction":[{"@type":"SearchAction","target":{"@type":"EntryPoint","urlTemplate":"https://www.colegiosanpelayo.es/?s={search_term_string}"},"query-input":"required name=search_term_string"}],"inLanguage":"en-US"}]}</script>
<!-- / Yoast SEO plugin. -->

Matrículas Curso 2020-2021 - Colegio San Pelayo Ikastetxea

[:es]Matrículas 2026/2027[:eu]Matrikulak 2026/27[:] Matrícula - E. Infantil, E. Primaria y E. Secundaria en Colegio San Pelayo Ikastetxea % de ERMUA. Bachillerato en el Tercer Trimestre

Matrículas 2026/2027
